f s?
2, 3, 13
Let o(a) be the third derivative of -a**6/20 + 7*a**5/60 + 5*a**4/24 - 11*a**3/2 + 22*a**2. Let j be o(5). Let k = j + 838. List the prime factors of k.
3, 5, 17
Suppose 0 = t - 5, -u - 3*t + 17 = -0*u. Suppose 2*l = 13 - 5, 3*z - 239 = -u*l. Suppose -z - 70 = -3*n. What are the prime factors of n?
7
Suppose -419 = -8*d + 117. Let x = d + -64. Suppose w - x*w + 210 = 0. What are the prime factors of w?
3, 5, 7
Let o be 0/(-1)*9/(-18). Suppose 5*r + 7 - 1 = -4*g, -2*r - 2*g - 4 = o. Suppose 448 = 5*n - 4*t, 3*t - 78 = -n - r*t. What are the prime factors of n?
2, 11
Let k(h) = 53*h**3 + 18*h**2 + 23*h - 20. List the prime factors of k(5).
2, 3, 5, 239
Let k(f) = -f**3 - f**2 - 2*f. Suppose 0 = 4*u - 3*s + 20, 4*s - 3 - 5 = -4*u. Let q be k(u). Suppose q*y - 3*y = 230. What are the prime factors of y?
2, 23
Let a(q) = -q**3 - 96*q**2 + 41*q + 1521. What are the prime factors of a(-98)?
17, 983
Suppose 6*q - 31 = 137. Suppose -q*b + 11665 = -599. List the prime factors of b.
2, 3, 73
Let o(g) = -3*g**2 + 9*g + 6. Let t be o(2). Suppose -2*w - 1 - 7 = 0. What are the prime factors of 152 + (-2 - (1 + t/w))?
2, 19
Let o = 2205 - 1160. Let u = 1630 - o. List the prime factors of u.
3, 5, 13
Suppose -2*i - 4004 = -13*i. Let j = 683 - i. List the prime factors of j.
11, 29
Suppose 34*t + 42327 = 38*t - 5*a, 3*t = 3*a + 31743. What are the prime factors of t?
2, 3, 41, 43
Let c = 358 + -342. Suppose 1474 = c*k - 1294. What are the prime factors of k?
173
Suppose -2*o = -9 - 5. What are the prime factors of 28/(-98) - (-121)/o?
17
Let w(n) be the third derivative of -11*n**4/4 - 44*n**3/3 + n**2 + 106. List the prime factors of w(-19).
2, 11, 53
Suppose -12*p = c - 2468, p + 4936 = -8*c + 10*c. What are the prime factors of c?
2, 617
Let w be -5*(-6)/(30/(-5)). List the prime factors of 531*(-1)/((w + 9)/(-8)).
2, 3, 59
Let q(o) = -o**3 - 16*o**2 - 26*o - 61. Let k be q(-15). Let c = 919 + k. List the prime factors of c.
3, 11, 31
What are the prime factors of 7089/6*(-61 + 63)?
17, 139
Let n(r) = -1369*r + 112. List the prime factors of n(-1).
1481
List the prime factors of ((-740)/16 - -5)/((-7 + 14)/(-2828)).
3, 5, 11, 101
Let i(m) be the third derivative of -55*m**4/24 + 16*m**3/3 + 120*m**2. What are the prime factors of i(-11)?
7, 13
Suppose -22*i - 144 = -4*i. What are the prime factors of 4/(i/3) + (-124678)/(-68)?
2, 229
Suppose -18*q + 62216 = 25280. What are the prime factors of q?
2, 3, 19
Let i = -2417 + 3819. What are the prime factors of i?
2, 701
Let z(i) = -39*i**3 + 2*i**2 - 2*i - 5. Let v be z(-3). Let n = v - 254. List the prime factors of n.
2, 409
Let c(b) = 13*b**2 - 159*b + 154. List the prime factors of c(-60).
2, 47, 601
Suppose 0 = 4*z + 5*n - 60855, 0 = 72*z - 74*z - 5*n + 30415. List the prime factors of z.
2, 5, 761
Let v(i) = -6*i**2 - 31*i - 4. Let t be v(-3). Suppose -t*g = -46*g + 4422. What are the prime factors of g?
2, 3, 67
Let t = -9843 - -22770. What are the prime factors of t?
3, 31, 139
Suppose 0 = 5*i - 4*f - 272, 5 = 2*f + 1. Suppose -21*k - 2380 = -i*k. List the prime factors of k.
2, 17
Suppose 2*h + 4*z = 16180, 5*z - 2329 - 13854 = -2*h. What are the prime factors of h?
2, 43, 47
What are the prime factors of (146/(-6))/((-5)/(-240)*-4)?
2, 73
Let q be (2 + -1)/(5/5) - -4. Suppose 4*r - 4 - 4 = q*n, -6 = n - 3*r. Suppose n = -u + v + 62, 194 = 3*u - 0*u + v. List the prime factors of u.
2
Let n(c) = -c**2 - 3*c + 2. Let z be n(-3). Let h(w) be the second derivative of 31*w**4/12 - w**3/6 - 3*w**2/2 - 3*w - 55. What are the prime factors of h(z)?
7, 17
Suppose 4*g - 419*q = -421*q + 83652, 5*g - 104556 = 2*q. What are the prime factors of g?
2, 1307
What are the prime factors of (-18)/(-117) + (-6283904)/(-572)?
2, 3, 1831
Let a = -197 - -201. Suppose -2*b + 0*w = 4*w + 8, -2*b + a*w = -32. List the prime factors of b.
2, 3
Suppose -190*a = -187*a + 27. Let u(y) = -13*y - 6 - 15 - 4. What are the prime factors of u(a)?
2, 23
Let y(s) = 28 + 95*s - 104*s + 61. What are the prime factors of y(-7)?
2, 19
Let u = -350 - -381. Let v = 804 - u. List the prime factors of v.
773
Let o(g) be the third derivative of g**5/30 - 17*g**4/24 + g**3 + 81*g**2. List the prime factors of o(18).
2, 3, 29
Suppose 2*g + 2*g = 16. Let n be -2*1/2 - (4 - g). What are the prime factors of 90/(n/(0 - 1/1))?
2, 3, 5
Suppose 15*y = -3846 - 5304. Let h = -265 - y. What are the prime factors of h?
3, 5, 23
Let p(s) = 134*s + 20. List the prime factors of p(30).
2, 5, 101
Suppose 0 = 2*u - 9 + 3. Let l(g) = g**3 + 5*g**2 - 25*g - 3. Let q be l(-8). Suppose -5*j = 5*f - u*j - 1075, j = -q*f + 1080. What are the prime factors of f?
7, 31
Let i be (-12)/30 + (-2)/(-5). Let u(w) = 5*w**2 + 4*w + 4. Let b(c) = 4*c**2 + 3*c + 4. Let d(r) = 4*b(r) - 3*u(r). List the prime factors of d(i).
2
Suppose 4*x - 15 - 164 = 5*f, 3*x - 114 = -3*f. Let j = x - 45. What are the prime factors of ((-162)/4)/(2/j)?
3
Let p(w) = 23*w**3 + 2*w**2 - 9*w - 4. Let s be p(4). Suppose -4*f + s = -1752. What are the prime factors of f?
2, 3, 67
Let j = -169 + 174. Suppose -25 = j*c, -9*b = -4*b - c - 1185. What are the prime factors of b?
2, 59
Let c be 3 - (-9 + 6 - 234/2). Let i(j) = -j**2 + 25*j + 8. Let o be i(28). Let f = c + o. List the prime factors of f.
47
Suppose -20 = -47*b + 43*b. Let x(i) = 4*i**3 - 6*i**2 - i + 17. List the prime factors of x(b).
2, 181
Suppose -2*o - 2*v = -9626, -1957 - 2856 = -o - 2*v. What are the prime factors of o?
4813
Let y be -1*2*(1 + -2). Suppose -d - 4*l + 93 = -75, y*l + 504 = 3*d. Let q = 248 - d. List the prime factors of q.
2, 5
Let o(h) = -12*h + 453. List the prime factors of o(-15).
3, 211
Let k be (2 - 18/12)*-6 + 2632. Suppose -k = -12*d + d. What are the prime factors of d?
239
Let m be 3*42/(-18) - -137. Suppose 13*n = -13*n + m. List the prime factors of n.
5
Suppose 20 = -4*o, -2*o = 9*b - 6*b - 7973. Suppose -b + 6 = -3*g. Suppose -144*m = -149*m + g. What are the prime factors of m?
3, 59
Suppose -5*y + 622 + 18 = 0. Let t = -125 + y. List the prime factors of t.
3
Let o(b) be the third derivative of -b**4/24 + 7*b**3 - 2*b**2. Let t = -71 + 51. List the prime factors of o(t).
2, 31
Suppose 5*x - 42 = 2*x + u, -3*x = 4*u - 57. Suppose 5*o - 3*f = 289, 4*f + x - 3 = 0. List the prime factors of o.
2, 7
Let d = -30 - -1255. List the prime factors of d.
5, 7
Suppose -36 = -38*q + 29*q. Suppose 4*r - 16*p + 11*p - 511 = 0, 0 = -q*r + p + 499. What are the prime factors of r?
2, 31
Suppose -2293*j - 388840 = -2303*j. What are the prime factors of j?
2, 9721
Let f = -38 + 47. Suppose f*x = 972 + 819. List the prime factors of x.
199
Let n be 2 + 32/(-20)*(-6 + 26). Let m(o) = o**3 + 30*o**2 - 10*o - 71. What are the prime factors of m(n)?
229
Let g(j) = -189*j - 66. Let k be g(-5). Suppose m = k + 4. What are the prime factors of m?
883
Suppose -6*z + 143 - 41 = 0. Suppose -v + z = -41. Suppose 0 = -r + v + 74. What are the prime factors of r?
2, 3, 11
Suppose -5*b = -l - 974, 53*b - 3*l = 55*b - 393. Let i be 708/6 + 2/(-2). Let m = b - i. What are the prime factors of m?
2, 3, 13
Suppose -x = 2*u - 10281, 431802 = 15*x + 27*x + 5*u. What are the prime factors of x?
3, 23, 149
Suppose 0*x + x + 1 = 0, 5*f - 1 = -4*x. Let r(l) = -3218*l + 212. Let s(j) = -169*j + 11. Let n(t) = 2*r(t) - 39*s(t). What are the prime factors of n(f)?
2, 3, 5
Suppose -97*h - 1 = -96*h. List the prime factors of (123/(-9))/(h/9).
3, 41
Let j = 196 + -189. Suppose j*f + 6*f - 16055 = 0. List the prime factors of f.
5, 13, 19
Let i = -122021 - -191313. What are the prime factors of i?
2, 17, 1019
Let k(g) = -g**2 + g + 17. Let n be k(0). Suppose o - 3*v = -0*o, 0 = 48*o - 44*o + v. Suppose o = 4*a + 5 - n. List the prime factors of a.
3
Suppose -4*r - 98 = s, 0 = 4*s - 0*r - 2*r + 302. Let p = s - -311. Let k = p + -160. List the prime factors of k.
73
What are the prime factors of 2174/2*(15/(-20))/((-5)/20)?
3, 1087
Suppose 15 = -138*i + 143*i. Suppose -4*c - 780 = -3*t - 37, i*t = c + 737. Let m = 450 - t. List the prime factors of m.
5, 41
What are the prime factors of 17048*(-5 - (-176)/32)?
2, 2131
Let m(r) = 49*r**2 + 68*r - 32. List the prime factors of m(-10).
2, 3, 349
Let z(x) = -x**3 - 2*x**2 + x + 1. Let d 